{"id":133,"date":"2021-10-19T17:33:45","date_gmt":"2021-10-19T20:33:45","guid":{"rendered":"https:\/\/tienda.acrobatadelcamino.com\/argentina\/?post_type=product&#038;p=133"},"modified":"2025-05-02T11:53:19","modified_gmt":"2025-05-02T14:53:19","slug":"saga-completa","status":"publish","type":"product","link":"https:\/\/tienda.acrobatadelcamino.com\/argentina\/producto\/saga-completa\/","title":{"rendered":"Saga Completa"},"content":{"rendered":"","protected":false},"excerpt":{"rendered":"<p>La saga viajera completa:<\/p>\n<p><strong>\u00c1frica I: El Tiempo de los Ritos + Caminos Invisibles + Vagabundeando en el Eje del Mal<\/strong><\/p>\n<p>\u00a1Mis obras completas editadas hasta el momento! Tres libros de relatos de viaje en Sudam\u00e9rica, Medio Oriente y \u00c1frica, cubriendo 23 pa\u00edses y 70.000 km a dedo. M\u00e1s que cifras, esta peque\u00f1a biblioteca n\u00f3mada recoge las consecuencias del juramento que me hice el 1 de mayo en 2005, en el puerto de Belfast, Irlanda del Norte, donde inici\u00e9 mi aventura: dedicar mi vida al movimiento y vivir de la escritura. Si necesitabas un empujoncito para animarte a ese viaje largo tan deseado, aqu\u00ed te espera una sobredosis de inspiraci\u00f3n viajero de uno que nunca volvi\u00f3.<\/p>\n<p>&nbsp;<\/p>\n","protected":false},"featured_media":219,"comment_status":"closed","ping_status":"closed","template":"","meta":[],"product_brand":[],"product_cat":[25],"product_tag":[],"class_list":{"0":"post-133","1":"product","2":"type-product","3":"status-publish","4":"has-post-thumbnail","6":"product_cat-saga","7":"product_shipping_class-saga","9":"first","10":"instock","11":"shipping-taxable","12":"purchasable","13":"product-type-simple"},"_links":{"self":[{"href":"https:\/\/tienda.acrobatadelcamino.com\/argentina\/wp-json\/wp\/v2\/product\/133","targetHints":{"allow":["GET"]}}],"collection":[{"href":"https:\/\/tienda.acrobatadelcamino.com\/argentina\/wp-json\/wp\/v2\/product"}],"about":[{"href":"https:\/\/tienda.acrobatadelcamino.com\/argentina\/wp-json\/wp\/v2\/types\/product"}],"replies":[{"embeddable":true,"href":"https:\/\/tienda.acrobatadelcamino.com\/argentina\/wp-json\/wp\/v2\/comments?post=133"}],"wp:featuredmedia":[{"embeddable":true,"href":"https:\/\/tienda.acrobatadelcamino.com\/argentina\/wp-json\/wp\/v2\/media\/219"}],"wp:attachment":[{"href":"https:\/\/tienda.acrobatadelcamino.com\/argentina\/wp-json\/wp\/v2\/media?parent=133"}],"wp:term":[{"taxonomy":"product_brand","embeddable":true,"href":"https:\/\/tienda.acrobatadelcamino.com\/argentina\/wp-json\/wp\/v2\/product_brand?post=133"},{"taxonomy":"product_cat","embeddable":true,"href":"https:\/\/tienda.acrobatadelcamino.com\/argentina\/wp-json\/wp\/v2\/product_cat?post=133"},{"taxonomy":"product_tag","embeddable":true,"href":"https:\/\/tienda.acrobatadelcamino.com\/argentina\/wp-json\/wp\/v2\/product_tag?post=133"}],"curies":[{"name":"wp","href":"https:\/\/api.w.org\/{rel}","templated":true}]}}