{"id":280,"date":"2021-10-11T21:41:12","date_gmt":"2021-10-12T00:41:12","guid":{"rendered":"http:\/\/tienda-acrobata.local\/argentina\/?post_type=product&#038;p=59"},"modified":"2025-05-02T02:39:29","modified_gmt":"2025-05-02T05:39:29","slug":"africa-el-tiempo-de-los-ritos","status":"publish","type":"product","link":"https:\/\/tienda.acrobatadelcamino.com\/argentina\/producto\/africa-el-tiempo-de-los-ritos\/","title":{"rendered":"\u00c1frica I &#8211; El Tiempo de los Ritos"},"content":{"rendered":"<p>En enero de 2016, Juan Villarino y su compa\u00f1era, la escritora Laura Lazzarino, dan sus primeros pasos en Cairo con la idea de cruzar el continente a dedo. Buscan entender su \u00e9pica cotidiana, pero tienen m\u00e1s armaduras que certezas. Juan ya ha recorrido 70 pa\u00edses, pero \u00bfhasta qu\u00e9 punto eso lo prepara para \u00c1frica? Este libro cuenta la primera mitad de una aventura de 15 meses. En ella, el protagonista recorre el Nilo en barco y a pie, acampa bajo las columnas de templos egipcios e intenta comprar un camello en Sud\u00e1n.\u00a0 En Etiop\u00eda, esa \u201cbailarina enajenada de su propia m\u00fasica\u201d, \u00c1frica exhibe sus cicatrices y brillos por igual: campesinos con el lomo partido y mujeres exorcizadas en iglesias subterr\u00e1neas, castillos medievales con perfume a f\u00e1bula, tribus acorraladas por el biodiesel que decoran su cuerpo con bosta de vaca. La prosa resultante es un realismo desaguado que no le sirve a nadie, ni a los ponentes del \u00c1frica \u201cvictima\u201d, ni a quienes prefieren un clich\u00e9 de tambores y<em> waka waka<\/em>. \u00c1frica no se pone linda para los turistas. Ni Yibuti hizo tiempo a maquillarse ni espera con globos aerost\u00e1ticos Somalilandia.<\/p>\n<p><strong>\u00a0<\/strong><\/p>\n<p>En <strong>\u00c1frica I: el Tiempo de los Ritos,<\/strong> el autor busca reconstruir la historia y la belleza sufrida de cada pa\u00eds como si fueran p\u00e9talos desparramados por la tormenta. A cambio de abrazar sus pasos, \u00c1frica le exige transformaciones, peque\u00f1as muertes para renacer robustecido. Esa colecci\u00f3n de ritos de pasaje lo lleva, por un lado, a repensar su propia sociedad de origen y, a la vez, a descubrir un aprendizaje inesperado entre las asperezas del continente hu\u00e9sped.<\/p>\n","protected":false},"excerpt":{"rendered":"<p><strong>\u201c\u00c1frica I: el Tiempo de los Ritos \u2013 De Cairo a Somalilandia a dedo<\/strong>\u201d, es mi \u00faltimo libro \u2665, y narra las transformaciones que deb\u00ed afrontar cruzando \u00c1frica por tierra, en la primera parte de un viaje de 15 meses entre Egipto y Sud\u00e1frica. Es la cr\u00f3nica de un \u00c1frica que no se maquilla para los turistas ni cumple con los chich\u00e9s de tambores y <em>waka waka<\/em>. De los bazares del Cairo, a las aldeas nubias en Sud\u00e1n, de las tribus del Valle del Omo en Etiop\u00eda a la rep\u00fablica separatista de Somalilandia, estos son los aprendizajes de un viaje que fue, en s\u00ed mismo, una colecci\u00f3n de ritos de pasaje. Quiz\u00e1s, a vos tambi\u00e9n, \u00c1frica te est\u00e9 esperando.<\/p>\n<p>336 p\u00e1ginas, 9 mapas, fotos a color.<\/p>\n<p><strong>Pa\u00edses relatados: Egipto, Sud\u00e1n, Etiop\u00eda, Somalilandia, Yibuti.<\/strong><\/p>\n<p>&nbsp;<\/p>\n","protected":false},"featured_media":222,"comment_status":"closed","ping_status":"closed","template":"","meta":[],"product_brand":[],"product_cat":[16],"product_tag":[],"class_list":{"0":"post-280","1":"product","2":"type-product","3":"status-publish","4":"has-post-thumbnail","6":"product_cat-sin-categorizar","7":"product_shipping_class-un-libro","9":"first","10":"instock","11":"shipping-taxable","12":"purchasable","13":"product-type-variable"},"_links":{"self":[{"href":"https:\/\/tienda.acrobatadelcamino.com\/argentina\/wp-json\/wp\/v2\/product\/280","targetHints":{"allow":["GET"]}}],"collection":[{"href":"https:\/\/tienda.acrobatadelcamino.com\/argentina\/wp-json\/wp\/v2\/product"}],"about":[{"href":"https:\/\/tienda.acrobatadelcamino.com\/argentina\/wp-json\/wp\/v2\/types\/product"}],"replies":[{"embeddable":true,"href":"https:\/\/tienda.acrobatadelcamino.com\/argentina\/wp-json\/wp\/v2\/comments?post=280"}],"wp:featuredmedia":[{"embeddable":true,"href":"https:\/\/tienda.acrobatadelcamino.com\/argentina\/wp-json\/wp\/v2\/media\/222"}],"wp:attachment":[{"href":"https:\/\/tienda.acrobatadelcamino.com\/argentina\/wp-json\/wp\/v2\/media?parent=280"}],"wp:term":[{"taxonomy":"product_brand","embeddable":true,"href":"https:\/\/tienda.acrobatadelcamino.com\/argentina\/wp-json\/wp\/v2\/product_brand?post=280"},{"taxonomy":"product_cat","embeddable":true,"href":"https:\/\/tienda.acrobatadelcamino.com\/argentina\/wp-json\/wp\/v2\/product_cat?post=280"},{"taxonomy":"product_tag","embeddable":true,"href":"https:\/\/tienda.acrobatadelcamino.com\/argentina\/wp-json\/wp\/v2\/product_tag?post=280"}],"curies":[{"name":"wp","href":"https:\/\/api.w.org\/{rel}","templated":true}]}}