{"id":29,"date":"2021-10-11T18:01:10","date_gmt":"2021-10-11T21:01:10","guid":{"rendered":"https:\/\/tienda.acrobatadelcamino.com\/argentina\/?post_type=product&#038;p=29"},"modified":"2025-05-02T02:41:37","modified_gmt":"2025-05-02T05:41:37","slug":"caminos-invisibles","status":"publish","type":"product","link":"https:\/\/tienda.acrobatadelcamino.com\/argentina\/producto\/caminos-invisibles\/","title":{"rendered":"Caminos Invisibles"},"content":{"rendered":"<p><strong>\u00bfQu\u00e9 vas a encontrar en Caminos Invisibles?<\/strong>\u00a0Respuesta corta:<strong>\u00a0la historia de dos n\u00f3madas que decidieron dejarlo todo para vivir viajando<\/strong>. Respuesta larga: lee el texto de la contratapa:<\/p>\n<p>En septiembre de 2010, Juan Villarino y Laura Lazzarino, escritores y viajeros argentinos, emprenden un viaje de 18 meses alrededor de Sudam\u00e9rica. Viajan a dedo, siguiendo caminos secundarios que con frecuencia no aparecen en ning\u00fan mapa. Su objetivo es abarcar con sus pasos la diversidad de un continente que, desde la Ant\u00e1rtida hasta el Caribe, se fragmenta en m\u00faltiples almas y cotidianidades. Gastando suelas para cosechar historias, recorren las colonias menonitas del Chaco paraguayo y aprenden quechua para transitar los caminos incas del coraz\u00f3n andino de Bolivia. En la selva ecuatoriana navegan hasta una comunidad shuar en donde comparten los rituales de la chicha y la ayahuasca. Conversan con los descendientes simb\u00f3licos de Gardel en el Eje Cafetero colombiano y en Venezuela inauguran el cap\u00edtulo descalzo del viaje viviendo en playas e islas con lo m\u00ednimo indispensable. Exploran las Guayanas, conocen buscadores de oro y de extraterrestres, y se topan con tortugas gigantes y cohetes espaciales.<\/p>\n<p>Caminos Invisibles no es s\u00f3lo la recopilaci\u00f3n de sus cr\u00f3nicas, es tambi\u00e9n la declaraci\u00f3n de principios de dos n\u00f3madas que buscan conciliar el amor con el movimiento. Una prueba de que vivir viajando es posible.<\/p>\n","protected":false},"excerpt":{"rendered":"<p>Este es \u201c<strong>Caminos Invisibles \u2013 36.000 km a dedo de Ant\u00e1rtida a las Guyanas<\/strong>\u201d escrito tras 18 meses de intenso viaje por toda Sudamerica, revelando lugares desconocidos, aventuras irreales y un an\u00e1lisis del alma del continente, regi\u00f3n por regi\u00f3n. Desde la Ant\u00e1rtida hasta los caminos incas de Bolivia, y desde las playas venezolanas hasta las comunidades Shuar del Amazonas Ecuatoriano, el libro es una fuente de inspiraci\u00f3n para quienes busquen ir m\u00e1s all\u00e1 de los circuitos tur\u00edsticos y \u2014\u00bfpor qu\u00e9 no?\u2014 tomar, como los autores, la decisi\u00f3n de vivir viajando.<\/p>\n<p>368 p\u00e1ginas, fotos en blanco y negro, 10 mapas.<\/p>\n<p><strong>7\u00ba edici\u00f3n, es decir, \u00a18.500 ejemplares dando vueltas!<\/strong><\/p>\n","protected":false},"featured_media":31,"comment_status":"closed","ping_status":"closed","template":"","meta":[],"product_brand":[],"product_cat":[16],"product_tag":[],"class_list":{"0":"post-29","1":"product","2":"type-product","3":"status-publish","4":"has-post-thumbnail","6":"product_cat-sin-categorizar","8":"first","9":"instock","10":"shipping-taxable","11":"purchasable","12":"product-type-variable","13":"has-default-attributes"},"_links":{"self":[{"href":"https:\/\/tienda.acrobatadelcamino.com\/argentina\/wp-json\/wp\/v2\/product\/29","targetHints":{"allow":["GET"]}}],"collection":[{"href":"https:\/\/tienda.acrobatadelcamino.com\/argentina\/wp-json\/wp\/v2\/product"}],"about":[{"href":"https:\/\/tienda.acrobatadelcamino.com\/argentina\/wp-json\/wp\/v2\/types\/product"}],"replies":[{"embeddable":true,"href":"https:\/\/tienda.acrobatadelcamino.com\/argentina\/wp-json\/wp\/v2\/comments?post=29"}],"wp:featuredmedia":[{"embeddable":true,"href":"https:\/\/tienda.acrobatadelcamino.com\/argentina\/wp-json\/wp\/v2\/media\/31"}],"wp:attachment":[{"href":"https:\/\/tienda.acrobatadelcamino.com\/argentina\/wp-json\/wp\/v2\/media?parent=29"}],"wp:term":[{"taxonomy":"product_brand","embeddable":true,"href":"https:\/\/tienda.acrobatadelcamino.com\/argentina\/wp-json\/wp\/v2\/product_brand?post=29"},{"taxonomy":"product_cat","embeddable":true,"href":"https:\/\/tienda.acrobatadelcamino.com\/argentina\/wp-json\/wp\/v2\/product_cat?post=29"},{"taxonomy":"product_tag","embeddable":true,"href":"https:\/\/tienda.acrobatadelcamino.com\/argentina\/wp-json\/wp\/v2\/product_tag?post=29"}],"curies":[{"name":"wp","href":"https:\/\/api.w.org\/{rel}","templated":true}]}}